{"id":952,"date":"2018-07-15T15:34:42","date_gmt":"2018-07-15T13:34:42","guid":{"rendered":"http:\/\/localhost\/stonewp\/?page_id=952"},"modified":"2018-07-22T09:10:22","modified_gmt":"2018-07-22T07:10:22","slug":"shootinginfos","status":"publish","type":"page","link":"https:\/\/www.stonetape.com\/stonewp\/shootinginfos\/","title":{"rendered":"Shootinginfos"},"content":{"rendered":"<p><span style=\"color: #999999;\">Interesse auch mal an einem Shooting teilzunehmen?<\/span><\/p>\n<p><span style=\"color: #999999;\">Dann bitte folgende Informationen beachten:<\/span><\/p>\n<ol>\n<li><span style=\"color: #999999;\">Allgemein<\/span>\n<ul>\n<li><span style=\"color: #999999;\">Ich bin kein Berufsfotograf und biete <strong>keine<\/strong> gewerblichen Dienste an.<\/span><\/li>\n<li><span style=\"color: #999999;\">Die gezeigten Kunstwerke und Objekte stehen (aktuell) \u00fcber diese Seite nicht zum Verkauf.<\/span><\/li>\n<li><span style=\"color: #999999;\">Die Arbeiten die auf dieser Seite gezeigt werden, zeigen Beispiele meines kreativen Schaffens.<\/span><\/li>\n<\/ul>\n<\/li>\n<li><span style=\"color: #999999;\">Welche Voraussetzungen mu\u00df ein Model haben?<\/span>\n<ul>\n<li><span style=\"color: #999999;\">Voraussetzung f\u00fcr Modelle ist ein Mindestalter von 18 Jahren<\/span><\/li>\n<li><span style=\"color: #999999;\">Gewicht, Aussehen und H\u00f6chstalter spielen keine Rolle<\/span><\/li>\n<li><span style=\"color: #999999;\">Vorkenntnisse sind nicht erforderlich, ich arbeite gerne mit Anf\u00e4ngern &#8211; es braucht nur ein bi\u00dfchen Mut!<\/span><\/li>\n<li><span style=\"color: #999999;\">Bevorzugt arbeite ich mit weiblichen Modellen, aber auch Paaren<\/span><\/li>\n<li><span style=\"color: #999999;\">Shootings mit einzelnen m\u00e4nnlichen Modellen sind ebenfalls m\u00f6glich, hier werden jedoch strengere Auswahlkriterien an Aussehen und Alter gelegt.<\/span><\/li>\n<li><span style=\"color: #999999;\">Generell ist eine Zusammenarbeit immer Entscheidung im Einzelfall<\/span><\/li>\n<\/ul>\n<\/li>\n<li><span style=\"color: #999999;\">Welche Arten von Shootings, bzw. welche Shootingbereiche sind m\u00f6glich und welche Voraussetzungen mu\u00df ein Model haben?<\/span>\n<ul>\n<li><span style=\"color: #999999;\">Grunds\u00e4tzlich ist jede Art von Shooting im Bereich der inszenierenden Kunstfotografie m\u00f6glich<\/span><\/li>\n<li><span style=\"color: #999999;\">Shootingbereiche von Portrait bis Akt sind m\u00f6glich. Nach Absprache auch weitere Bereiche wie z.B. Fetish und SM, sowie Bodypainting (einfache Motive)<\/span><\/li>\n<li><span style=\"color: #999999;\">Es handelt sich bei den Shootings um sogenannte TFP-Shootings &#8211; <a style=\"color: #F9F9F9;\" href=\"https:\/\/www.stonetape.com\/stonewp\/was-ist-tfp\/\">f\u00fcr weitere Informationen zu TFP siehe hier<\/a><\/span><\/li>\n<\/ul>\n<\/li>\n<li><span style=\"color: #999999;\">Welche Arten von Shootings sind NICHT m\u00f6glich<\/span><span style=\"color: #999999;\">Aus den oben genannten Gr\u00fcnden stehe ich nicht f\u00fcr folgende Shootingarten zur Verf\u00fcgung:<\/span><\/li>\n<\/li>\n<ul>\n<li><span style=\"color: #999999;\">Hochzeitsfotografie<\/span><\/li>\n<li><span style=\"color: #999999;\">Eventfotografie<\/span><\/li>\n<li><span style=\"color: #999999;\">Kinderfotografie<\/span><\/li>\n<li><span style=\"color: #999999;\">Familienfotos<\/span><\/li>\n<li><span style=\"color: #999999;\">Passbilder<\/span><\/li>\n<\/ul>\n<li><span style=\"color: #999999;\">Kontaktaufnahme<\/span>\n<ul>\n<li><span style=\"color: #999999;\">Eine Shootinganfrage ist per E-Mail \u00fcber die im Impressum genannte Adresse m\u00f6glich &#8211; Bitte benutzen Sie hierf\u00fcr Ihr E-Mailprogram &#8211; ich biete kein Kontaktformular an!<\/span><\/li>\n<li><span style=\"color: #999999;\">Bitte beachten: Bei Nutzung der E-Mail teilen Sie mir Ihre E-Mailadresse mit.<\/span><span style=\"color: #999999;\">Die Adressdaten werden im E-Mailprogramm gespeichtert, jedoch nicht weitergegeben und nicht f\u00fcr Werbung au\u00dferhalb dieser Seite genutzt.<\/span>\n<p><span style=\"color: #999999;\">Die Adresse wird benutzt um Shootings zu vereinbaren. Die Daten\u00fcbertragung erfolgt als \u00fcbliche E-Mail ohne besondere Sicherheitsma\u00dfnahmen.<\/span><\/li>\n<li><span style=\"color: #999999;\">Sollten Sie bedenken hinsichtlich des Datenschutzes bei dieser Form der Kontaktaufnahme haben oder eine annonyme Kontaktaufnahme w\u00fcnschen &#8211; muss ich eine Zusammenarbeit ablehnen<\/span><\/li>\n<\/ul>\n<\/li>\n<\/ol>\n","protected":false},"excerpt":{"rendered":"<p>Interesse auch mal an einem Shooting teilzunehmen? Dann bitte folgende Informationen beachten: Allgemein Ich bin kein Berufsfotograf und biete keine gewerblichen Dienste an. Die gezeigten Kunstwerke und Objekte stehen (aktuell) \u00fcber diese Seite nicht zum Verkauf. Die Arbeiten die auf dieser Seite gezeigt werden, zeigen Beispiele meines kreativen Schaffens. Welche Voraussetzungen mu\u00df ein Model haben? [&hellip;]<\/p>\n","protected":false},"author":1,"featured_media":0,"parent":0,"menu_order":0,"comment_status":"closed","ping_status":"closed","template":"","meta":{"footnotes":""},"_links":{"self":[{"href":"https:\/\/www.stonetape.com\/stonewp\/wp-json\/wp\/v2\/pages\/952"}],"collection":[{"href":"https:\/\/www.stonetape.com\/stonewp\/wp-json\/wp\/v2\/pages"}],"about":[{"href":"https:\/\/www.stonetape.com\/stonewp\/wp-json\/wp\/v2\/types\/page"}],"author":[{"embeddable":true,"href":"https:\/\/www.stonetape.com\/stonewp\/wp-json\/wp\/v2\/users\/1"}],"replies":[{"embeddable":true,"href":"https:\/\/www.stonetape.com\/stonewp\/wp-json\/wp\/v2\/comments?post=952"}],"version-history":[{"count":33,"href":"https:\/\/www.stonetape.com\/stonewp\/wp-json\/wp\/v2\/pages\/952\/revisions"}],"predecessor-version":[{"id":1150,"href":"https:\/\/www.stonetape.com\/stonewp\/wp-json\/wp\/v2\/pages\/952\/revisions\/1150"}],"wp:attachment":[{"href":"https:\/\/www.stonetape.com\/stonewp\/wp-json\/wp\/v2\/media?parent=952"}],"curies":[{"name":"wp","href":"https:\/\/api.w.org\/{rel}","templated":true}]}}